{"id":427,"date":"2020-05-12T11:31:37","date_gmt":"2020-05-12T11:31:37","guid":{"rendered":"https:\/\/szczecin.pkps.org.pl\/?page_id=427"},"modified":"2021-08-06T15:28:17","modified_gmt":"2021-08-06T15:28:17","slug":"dzialania-towarzyszace","status":"publish","type":"page","link":"https:\/\/szczecin.pkps.org.pl\/?page_id=427","title":{"rendered":"DZIA\u0141ANIA TOWARZYSZ\u0104CE"},"content":{"rendered":"<h3><a href=\"https:\/\/szczecin.pkps.org.pl\/wp-content\/uploads\/2021\/08\/HARMONOGRAM-SIERPIEN-2021.pdf\"><i class=\"wp-svg-calendar-2 calendar-2\"><\/i> Harmonogram \u00a0Dzia\u0142a\u0144 Towarzysz\u0105cych<\/a><\/h3>\n<h3><a href=\"https:\/\/szczecin.pkps.org.pl\/wp-content\/uploads\/2021\/08\/INFORMACJA-DLA-KLIENTA-PKPS-082021.pdf\"><i class=\"wp-svg-info info\"><\/i> Informacje dla klienta<\/a><\/h3>\n<hr \/>\n<table style=\"height: 54px; width: 75.34553831231814%;\" width=\"1031\">\n<tbody>\n<tr>\n<td style=\"width: 49.61389961389961%;\">\n<h3>Harmonogramy \u00a0Dzia\u0142a\u0144 Towarzysz\u0105cych (archiwum)<\/h3>\n<p><a href=\"https:\/\/szczecin.pkps.org.pl\/wp-content\/uploads\/2021\/07\/HARMONOGRAM-LIPIEC-2021-1.pdf\">HARMONOGRAM LIPEC 2021<\/a><br \/>\n<a href=\"https:\/\/szczecin.pkps.org.pl\/wp-content\/uploads\/2021\/06\/HARMONOGRAM-CZERWIEC-2021-1.pdf\">HARMONOGRAM CZERWIEC 2021<\/a><br \/>\n<a href=\"https:\/\/szczecin.pkps.org.pl\/wp-content\/uploads\/2021\/05\/HARMONOGRAM-MAJ-2021.pdf\">HARMONOGRAM MAJ 2021<\/a><br \/>\n<a href=\"https:\/\/szczecin.pkps.org.pl\/wp-content\/uploads\/2021\/04\/HARMONOGRAM-KWIECIEN-2021-1.pdf\">HARMONOGRAM KWIECEI\u0143 \u00a0 2021<\/a><br \/>\n<a href=\"https:\/\/szczecin.pkps.org.pl\/wp-content\/uploads\/2021\/03\/HARMONOGRAM-MARZEC-2021.pdf\">HARMONOGRAM MARZEC \u00a02021<\/a><br \/>\n<a href=\"https:\/\/szczecin.pkps.org.pl\/wp-content\/uploads\/2021\/02\/HARMONOGRAM-LUTY-2021.pdf\">HARMONOGRAM LUTY \u00a02021<\/a><br \/>\n<a href=\"https:\/\/szczecin.pkps.org.pl\/wp-content\/uploads\/2021\/01\/HARMONOGRAM-STYCZEN-2021.pdf\">HARMONOGRAM STYCZE\u0143 \u00a02021<\/a><br \/>\n<a href=\"https:\/\/szczecin.pkps.org.pl\/wp-content\/uploads\/2020\/12\/HARMONOGRAM-LISTOPAD-2020.pdf\">HARMONOGRAM LISTOPAD \u00a02020<\/a><br \/>\n<a href=\"https:\/\/szczecin.pkps.org.pl\/wp-content\/uploads\/2020\/12\/INFORMACJA-PAZDZIERNIK-2020.pdf\">HARMONOGRAM PA\u0179DZIERNIK \u00a02020<\/a><br \/>\n<a href=\"https:\/\/szczecin.pkps.org.pl\/wp-content\/uploads\/2020\/10\/HARMONOGRAM-WRZESIEN-2020.pdf\">HARMONOGRAM WRZESIE\u0143 \u00a02020<\/a><\/p>\n<p><a href=\"https:\/\/szczecin.pkps.org.pl\/wp-content\/uploads\/2020\/07\/HARMONOGRAM-SIERPIE\u0143-2020_.pdf\">HARMONOGRAM SIERPIE\u0143 2020<\/a><\/p>\n<p><a href=\"https:\/\/szczecin.pkps.org.pl\/wp-content\/uploads\/2020\/07\/HARMONOGRAM-LIPIEC-2020_.pdf\">HARMONOGRAM LIPIEC 2020<\/a><\/p>\n<p><a href=\"https:\/\/szczecin.pkps.org.pl\/wp-content\/uploads\/2020\/07\/HARMONOGRAM-CZERWIEWC-2020.pdf\">HARMONOGRAM CZERWIEWC 2020<\/a><\/p>\n<p><a href=\"https:\/\/szczecin.pkps.org.pl\/wp-content\/uploads\/2020\/05\/HARMONOGRAM-KWIECIE\u0143-2020-.pdf\">HARMONOGRAM KWIECIE\u0143 2020<\/a><\/p>\n<p><a href=\"https:\/\/szczecin.pkps.org.pl\/wp-content\/uploads\/2020\/05\/HARMONOGRAM-MARZEC-2020-.pdf\">HARMONOGRAM MARZEC 2020<\/a><\/p>\n<p><a href=\"https:\/\/szczecin.pkps.org.pl\/wp-content\/uploads\/2020\/02\/HARMONOGRAM-LUTY-2020-1.pdf\">HARMONOGRAM LUTY 2020<\/a><\/p>\n<p><a href=\"https:\/\/szczecin.pkps.org.pl\/wp-content\/uploads\/2020\/01\/HARMONOGRAM-STYCZE\u0143-2020.pdf\">HARMONOGRAM STYCZE\u0143 2020<\/a><\/p>\n<p><a href=\"https:\/\/szczecin.pkps.org.pl\/wp-content\/uploads\/2019\/05\/HARMONOGRAM-CZERWIEC-2019.pdf\">HARMONOGRAM CZERWIEC 2019<\/a><\/p>\n<p><a href=\"https:\/\/szczecin.pkps.org.pl\/wp-content\/uploads\/2019\/04\/HARMONOGRAM-MAJ-2019_.pdf\">HARMONOGRAM MAJ 2019<\/a><\/p>\n<p><a href=\"https:\/\/szczecin.pkps.org.pl\/wp-content\/uploads\/2019\/04\/HARMONOGRAM-MARZEC-2019_.pdf\">HARMONOGRAM MARZEC 2019<\/a><\/p>\n<p><a href=\"https:\/\/szczecin.pkps.org.pl\/wp-content\/uploads\/2019\/03\/HARMONOGRAM-KWIECIE\u0143-2019_a.pdf\">HARMONOGRAM KWIECIE\u0143 2019<\/a><\/p>\n<p><a href=\"https:\/\/szczecin.pkps.org.pl\/wp-content\/uploads\/2019\/01\/HARMONOGRAM-STYCZE-2019-1.pdf\">HARMONOGRAM-STYCZE-2019 <\/a><\/p>\n<p><a href=\"https:\/\/szczecin.pkps.org.pl\/wp-content\/uploads\/2019\/04\/HARMONOGRAM-LUTY-2019_.pdf\">HARMONOGRAM LUTY 2019<\/a><\/p>\n<p><a href=\"https:\/\/szczecin.pkps.org.pl\/wp-content\/uploads\/2019\/01\/3-HARMONOGRAM-GRUDZIE-2018.pdf\">HARMONOGRAM-GRUDZIE 2018<\/a><\/p>\n<p><a href=\"https:\/\/szczecin.pkps.org.pl\/wp-content\/uploads\/2019\/01\/2-HARMONOGRAM-LISTOPAD-2018-1-.pdf\">HARMONOGRAM-LISTOPAD 2018<\/a><\/td>\n<td style=\"width: 49.61389961389961%; vertical-align: top;\">\n<h3>Informacje dla klienta (archiwum)<\/h3>\n<p><a href=\"https:\/\/szczecin.pkps.org.pl\/wp-content\/uploads\/2021\/07\/INFORMACJA-DLA-KLIENTA-PKPS-072021-1.pdf\">INORMACJA DLA KLIENT\u00d3W PKPS 07,2021<\/a><br \/>\n<a href=\"https:\/\/szczecin.pkps.org.pl\/wp-content\/uploads\/2021\/06\/INFORMACJA-DLA-KLIENTA-PKPS-062021.pdf\">INORMACJA DLA KLIENT\u00d3W PKPS 06,2021<\/a><br \/>\n<a href=\"https:\/\/szczecin.pkps.org.pl\/wp-content\/uploads\/2021\/05\/INFORMACJA-DLA-KLIENTA-PKPS-052021.pdf\">INORMACJA DLA KLIENT\u00d3W PKPS 05,2021<\/a><br \/>\n<a href=\"https:\/\/szczecin.pkps.org.pl\/wp-content\/uploads\/2021\/04\/INFORMACJA-DLA-KLIENTA-PKPS-042021.pdf\">INORMACJA DLA KLIENT\u00d3W PKPS 04,2021<\/a><br \/>\n<a href=\"https:\/\/szczecin.pkps.org.pl\/wp-content\/uploads\/2021\/03\/INFORMACJA-DLA-KLIENTA-PKPS-032021.pdf\">INORMACJA DLA KLIENT\u00d3W PKPS 03,2021<\/a><br \/>\n<a href=\"https:\/\/szczecin.pkps.org.pl\/wp-content\/uploads\/2021\/02\/INFORMACJA-DLA-KLIENTA-PKPS-022021.pdf\">INORMACJA DLA KLIENT\u00d3W PKPS 02,2021<\/a><br \/>\n<a href=\"https:\/\/szczecin.pkps.org.pl\/wp-content\/uploads\/2021\/01\/INFORMACJA-DLA-KLIENTA-PKPS-012021.pdf\">INORMACJA DLA KLIENT\u00d3W PKPS 01,2021<\/a><br \/>\n<a href=\"https:\/\/szczecin.pkps.org.pl\/wp-content\/uploads\/2020\/12\/INFORMACJA-LISTOPAD-2020.pdf\">INORMACJA DLA KLIENT\u00d3W PKPS 12,2020<\/a><br \/>\n<a href=\"https:\/\/szczecin.pkps.org.pl\/wp-content\/uploads\/2020\/07\/INFORMACJA-DLA-KLIENT\u00d3W-PKPS-082020_.pdf\">INORMACJA DLA KLIENT\u00d3W PKPS 08,2020<\/a><\/p>\n<p><a href=\"https:\/\/szczecin.pkps.org.pl\/wp-content\/uploads\/2020\/07\/INFORMACJA-DLA-KLIENT\u00d3W-PKPS-072020_.pdf\">INORMACJA DLA KLIENT\u00d3W PKPS 07,2020<\/a><\/p>\n<p><a href=\"https:\/\/szczecin.pkps.org.pl\/wp-content\/uploads\/2020\/07\/INORMACJA-DLA-KLIENT\u00d3W-PKPS-062020-.pdf\">INORMACJA DLA KLIENT\u00d3W PKPS 06,2020<\/a><\/td>\n<\/tr>\n<tr>\n<td style=\"width: 49.61389961389961%;\">\n<h3><\/h3>\n<\/td>\n<td style=\"width: 49.61389961389961%; vertical-align: top;\">\n<h3><\/h3>\n<\/td>\n<\/tr>\n<\/tbody>\n<\/table>\n<p>&nbsp;<\/p>\n","protected":false},"excerpt":{"rendered":"<p>Harmonogram \u00a0Dzia\u0142a\u0144 Towarzysz\u0105cych Informacje dla klienta Harmonogramy \u00a0Dzia\u0142a\u0144 Towarzysz\u0105cych (archiwum) HARMONOGRAM LIPEC 2021 HARMONOGRAM CZERWIEC 2021 HARMONOGRAM MAJ 2021 HARMONOGRAM KWIECEI\u0143 \u00a0 2021 HARMONOGRAM MARZEC \u00a02021 HARMONOGRAM LUTY \u00a02021 HARMONOGRAM STYCZE\u0143 \u00a02021 HARMONOGRAM LISTOPAD \u00a02020 HARMONOGRAM PA\u0179DZIERNIK \u00a02020 HARMONOGRAM WRZESIE\u0143 \u00a02020 HARMONOGRAM SIERPIE\u0143 2020 HARMONOGRAM LIPIEC 2020 HARMONOGRAM CZERWIEWC 2020 HARMONOGRAM KWIECIE\u0143 2020 HARMONOGRAM MARZEC [&hellip;]<\/p>\n","protected":false},"author":1,"featured_media":0,"parent":0,"menu_order":0,"comment_status":"closed","ping_status":"closed","template":"","meta":{"footnotes":"","_links_to":"","_links_to_target":""},"class_list":["post-427","page","type-page","status-publish"],"_links":{"self":[{"href":"https:\/\/szczecin.pkps.org.pl\/index.php?rest_route=\/wp\/v2\/pages\/427","targetHints":{"allow":["GET"]}}],"collection":[{"href":"https:\/\/szczecin.pkps.org.pl\/index.php?rest_route=\/wp\/v2\/pages"}],"about":[{"href":"https:\/\/szczecin.pkps.org.pl\/index.php?rest_route=\/wp\/v2\/types\/page"}],"author":[{"embeddable":true,"href":"https:\/\/szczecin.pkps.org.pl\/index.php?rest_route=\/wp\/v2\/users\/1"}],"replies":[{"embeddable":true,"href":"https:\/\/szczecin.pkps.org.pl\/index.php?rest_route=%2Fwp%2Fv2%2Fcomments&post=427"}],"version-history":[{"count":29,"href":"https:\/\/szczecin.pkps.org.pl\/index.php?rest_route=\/wp\/v2\/pages\/427\/revisions"}],"predecessor-version":[{"id":612,"href":"https:\/\/szczecin.pkps.org.pl\/index.php?rest_route=\/wp\/v2\/pages\/427\/revisions\/612"}],"wp:attachment":[{"href":"https:\/\/szczecin.pkps.org.pl\/index.php?rest_route=%2Fwp%2Fv2%2Fmedia&parent=427"}],"curies":[{"name":"wp","href":"https:\/\/api.w.org\/{rel}","templated":true}]}}