{"id":18,"date":"2019-01-28T12:46:08","date_gmt":"2019-01-28T12:46:08","guid":{"rendered":"http:\/\/szczecin.pkps.org.pl\/?page_id=18"},"modified":"2019-01-28T12:47:58","modified_gmt":"2019-01-28T12:47:58","slug":"fead-sprawozdanie-2016","status":"publish","type":"page","link":"https:\/\/szczecin.pkps.org.pl\/?page_id=18","title":{"rendered":"FEAD sprawozdanie 2016"},"content":{"rendered":"<div id=\"imCell_3\">\n<div id=\"imCellStyle_3\" data-responsive-sequence-number=\"2\">\n<div id=\"imTextObject_3\">\n<div id=\"imTextObject_3_tab0\" class=\"text-tab-content\">\n<div class=\"text-inner\">\n<div><img fetchpriority=\"high\" decoding=\"async\" class=\"alignnone size-full wp-image-20\" src=\"http:\/\/szczecin.pkps.org.pl\/wp-content\/uploads\/2019\/01\/fead.png\" alt=\"\" width=\"812\" height=\"117\" srcset=\"https:\/\/szczecin.pkps.org.pl\/wp-content\/uploads\/2019\/01\/fead.png 812w, https:\/\/szczecin.pkps.org.pl\/wp-content\/uploads\/2019\/01\/fead-300x43.png 300w, https:\/\/szczecin.pkps.org.pl\/wp-content\/uploads\/2019\/01\/fead-768x111.png 768w\" sizes=\"(max-width: 812px) 100vw, 812px\" \/><\/div>\n<div>\u00a0<\/div>\n<div>PO P\u017b Podprogram 2016 by\u0142 realizowany w okresie sierpie\u0144 2016 r. \u2013 \u00a0czerwca 2017 r. przez<\/div>\n<div>Zachodniopomorski Zarz\u0105d Okr\u0119gowy \u00a0Polskiego Komitetu Pomocy Spo\u0142ecznej. \u00a0Celem og\u00f3lnym by\u0142o zapewnienie najubo\u017cszym mieszka\u0144com Polski pomocy \u017cywno\u015bciowej oraz uczestnictwa w dzia\u0142aniach w ramach \u015brodk\u00f3w towarzysz\u0105cych.<\/div>\n<div>\u00a0<\/div>\n<div>\u00a0<\/div>\n<div><strong>W realizacji programu uczestniczy\u0142y Zarz\u0105dy Terenowe PKPS:<\/strong><br \/>Zarz\u0105d Powiatowy PKPS<br \/>ul. Lipowa 8<br \/>72-100 Goleni\u00f3w<\/div>\n<div>tel. 91 418-47-92<\/div>\n<div>\u00a0<\/div>\n<div><strong><u>czynny od poniedzia\u0142ku do pi\u0105tku w godz. od 10- 14\u00a0<\/u><\/strong>\n<p>\u00a0<\/p>\n<p><strong>Zarz\u0105d Powiatowy PKPS<\/strong><br \/>ul. \u0141u\u017cycka 4<br \/>74-300 My\u015blib\u00f3rz<\/p>\n<\/div>\n<div>\u00a0<\/div>\n<div><strong><u>czynny \u00a0w czwartki w godz. od 9-14<\/u><\/strong><\/div>\n<div><strong>Zarz\u0105d Miejsko-Gminny PKPS\u00a0<\/strong><br \/>ul. Strzelecka 29<br \/>74-320 Barlinek<br \/><strong><u>czynny w ka\u017cdy czwartek od godz. 10-16<\/u><\/strong><\/div>\n<div><strong>Zarz\u0105d Miejsko \u2013 Gminny \u00a0PKPS\u00a0<\/strong><br \/>ul. 700 Lecia 14<br \/>72-200 Nowogard<br \/><strong><u>czynny w poniedzia\u0142ki i soboty od godz. 10-12<\/u><\/strong><\/div>\n<div><strong>Zarz\u0105d Powiatowy PKPS<\/strong><br \/>ul. Stargardzka 34<br \/>74-200 Pyrzyce<\/div>\n<div>tel. 518-160-979<\/div>\n<div>\u00a0<\/div>\n<div><strong><u>czynny od wtorku do pi\u0105tku w godz. od 10-13<\/u><\/strong><\/div>\n<div>\u00a0<\/div>\n<div><strong>Zarz\u0105d Powiatowy PKPS<\/strong><\/div>\n<div>\u00a0<\/div>\n<div>O\u015b. Zach\u00f3d A5<\/div>\n<div>73-110 Stargard<\/div>\n<div>\u00a0<\/div>\n<div><strong><u>czynny we wtorki, \u015brody i czwartki w godz. 10-13<\/u><\/strong><\/div>\n<div>\u00a0<\/div>\n<div><strong>Zarz\u0105d Wojew\u00f3dzki PKPS<\/strong><\/div>\n<div>Ul. Matejki 3<\/div>\n<div>75-540 Koszalin<\/div>\n<div>Tel. 94 342-61-03<\/div>\n<div>\u00a0<\/div>\n<div><strong>Punkt Pomocy PKPS<\/strong><\/div>\n<div>Robotnicza 9U2<\/div>\n<div>71-712 Szczecin<\/div>\n<div>tel. 797-318-277<\/div>\n<div>\u00a0<\/div>\n<div><strong><u>czynny od poniedzia\u0142ku do pi\u0105tku w godz. od 10-14<\/u><\/strong><\/div>\n<div>\u00a0<\/div>\n<div>Wszelkie uwagi, \u00a0skargi i wnioski \u00a0by\u0142y kierowane do<\/div>\n<div>Zarz\u0105du Okr\u0119gowego PKPS<\/div>\n<div>Jagiello\u0144ska 18\/2<\/div>\n<div>70-362 Szczecin<\/div>\n<div>\u00a0<\/div>\n<div>tel. 91 433-45-04, lub 514-161-064<\/div>\n<div>\u00a0<\/div>\n<div>Biuro by\u0142o czynne od poniedzia\u0142ku do pi\u0105tku w godz. od 8-16<\/div>\n<div>\u00a0<\/div>\n<div>\u00a0<\/div>\n<div>\u00a0<\/div>\n<div>\u00a0<\/div>\n<div><strong><u><span class=\"cf1\">INFORMACJE OG\u00d3LNE<\/span><\/u><\/strong><\/div>\n<div>\u00a0<\/div>\n<div>\u00a0<\/div>\n<div>\u00a0<\/div>\n<div><strong>Ka\u017cdy zg\u0142oszony podopieczny posiadaj\u0105cy skierowanie wydane przez MOPR\/OPS\/GOPS otrzyma\u0142 paczk\u0119 \u017cywno\u015bciow\u0105 sk\u0142adaj\u0105c\u0105 si\u0119 z nast\u0119puj\u0105cych produkt\u00f3w:<\/strong><\/div>\n<div>\u00a0<\/div>\n<div><strong><u>Forma przekazywania artyku\u0142\u00f3w spo\u017cywczych osobom najbardziej potrzebuj\u0105cym:<\/u><\/strong><\/div>\n<div>\u00a0<\/div>\n<div>&#8211; paczki \u017cywno\u015bciowe dla 1 odbiorcy ko\u0144cowego zestaw art. spo\u017cywczych: \u00a0<span class=\"cf2\">.<\/span><\/div>\n<div>\u00a0<\/div>\n<div>10 opakowa\u0144 \u00a0makaronu jajecznego ( 500 g),<br \/>5 opakowa\u0144 ry\u017cu bia\u0142ego (1 kg),<br \/>9 opakowa\u0144 mleka UHT (1lit),<br \/>6 opakowa\u0144 sera podpuszczkowego dojrzewaj\u0105cego(400g),<br \/>8 opakowa\u0144 groszku z marchewka (400g), \u00a0\u00a0\u00a0\u00a0\u00a0\u00a0\u00a0\u00a0\u00a0\u00a0\u00a0\u00a0\u00a0\u00a0\u00a0\u00a0\u00a0\u00a0\u00a0\u00a0\u00a0\u00a0\u00a0\u00a0\u00a0\u00a0\u00a0\u00a0\u00a0\u00a0\u00a0\u00a0\u00a0\u00a0\u00a0\u00a0\u00a0\u00a0\u00a0\u00a0\u00a0\u00a0\u00a0\u00a0\u00a0\u00a0\u00a0\u00a0\u00a0\u00a0\u00a0\u00a0\u00a0\u00a0\u00a0\u00a0\u00a0\u00a0\u00a0\u00a0\u00a0\u00a0\u00a0\u00a0\u00a0\u00a0\u00a0\u00a0\u00a0\u00a0\u00a0\u00a0\u00a0\u00a0\u00a0\u00a0\u00a0\u00a0\u00a0\u00a0\u00a0\u00a0\u00a0\u00a0\u00a0\u00a0\u00a0\u00a0\u00a0\u00a0\u00a0\u00a0\u00a0\u00a0\u00a0\u00a0\u00a0\u00a0\u00a0\u00a0\u00a0\u00a0\u00a0\u00a0\u00a0\u00a0\u00a0\u00a0\u00a0\u00a0\u00a0\u00a0\u00a0\u00a0\u00a0\u00a0\u00a0\u00a0\u00a0\u00a0\u00a0\u00a0\u00a0\u00a0\u00a0\u00a0\u00a0\u00a0\u00a0\u00a0\u00a0\u00a0\u00a0\u00a0\u00a0\u00a0\u00a0\u00a0\u00a0\u00a0\u00a0\u00a0\u00a0\u00a0\u00a0\u00a0\u00a0\u00a0\u00a0\u00a0\u00a0\u00a0\u00a0\u00a0\u00a0\u00a0\u00a0\u00a0\u00a0\u00a0\u00a0\u00a0\u00a0\u00a0\u00a0\u00a0\u00a0\u00a0\u00a0\u00a0\u00a0\u00a0\u00a0\u00a0\u00a0\u00a0\u00a0\u00a0\u00a0\u00a0\u00a0\u00a0\u00a0\u00a0\u00a0\u00a0\u00a0\u00a0\u00a0\u00a0\u00a0\u00a0\u00a08 opakowa\u0144 fasoli bia\u0142ej konserwowej (400g)<br \/>10 opakowa\u0144 herbatnik\u00f3w (200g) \u00a0\u00a0\u00a0\u00a0\u00a0\u00a0\u00a0\u00a0\u00a0\u00a0\u00a0\u00a0\u00a0\u00a0\u00a0\u00a0\u00a0\u00a0\u00a0\u00a0\u00a0\u00a0\u00a0\u00a0\u00a0\u00a0\u00a0\u00a0\u00a0\u00a0\u00a0\u00a0\u00a0\u00a0\u00a0\u00a0\u00a0\u00a0\u00a0\u00a0\u00a0\u00a0\u00a0\u00a0\u00a0\u00a0\u00a0\u00a0\u00a0\u00a0\u00a0\u00a0\u00a0\u00a0\u00a0\u00a0\u00a0\u00a0\u00a0\u00a0\u00a0\u00a0\u00a0\u00a0\u00a0\u00a0\u00a0\u00a0\u00a0\u00a0\u00a0\u00a0\u00a0\u00a0\u00a0\u00a0\u00a0\u00a0\u00a0\u00a0\u00a0\u00a0\u00a0\u00a0\u00a0\u00a0\u00a0\u00a0\u00a0\u00a0\u00a0\u00a0\u00a0\u00a0\u00a0\u00a0\u00a0\u00a0\u00a0\u00a0\u00a0\u00a0\u00a0\u00a0\u00a0\u00a0\u00a0\u00a0\u00a0\u00a0\u00a0\u00a0\u00a0\u00a0\u00a0\u00a0\u00a0\u00a0\u00a0\u00a0\u00a0\u00a0\u00a0\u00a0\u00a0\u00a0\u00a0\u00a0\u00a0\u00a0\u00a0\u00a0\u00a0\u00a0\u00a0\u00a0\u00a0\u00a0\u00a0\u00a0\u00a0\u00a0\u00a0\u00a0\u00a0\u00a0\u00a0\u00a0\u00a0\u00a0\u00a0\u00a0\u00a0\u00a0\u00a0\u00a0\u00a0\u00a0\u00a0\u00a0\u00a0\u00a0\u00a0\u00a0\u00a0\u00a0\u00a0\u00a0\u00a0\u00a0\u00a0\u00a0\u00a0\u00a0\u00a0\u00a0\u00a0\u00a0\u00a0\u00a0\u00a0\u00a0\u00a0\u00a0\u00a0\u00a0\u00a0\u00a0\u00a0\u00a0\u00a0\u00a0\u00a0\u00a0\u00a0\u00a0\u00a0\u00a0\u00a08 opakowa\u0144 koncentratu pomidorowego (160g),<br \/>4 opakowania powide\u0142 \u015bliwkowych (300g),<br \/>5 opakowa\u0144 gulaszu wieprzowego z warzywami (850g) \u00a0\u00a0\u00a0\u00a0\u00a0\u00a0\u00a0\u00a0\u00a0\u00a0\u00a0\u00a0\u00a0\u00a0\u00a0\u00a0\u00a0\u00a0\u00a0\u00a0\u00a0\u00a0\u00a0\u00a0\u00a0\u00a0\u00a0\u00a0\u00a0\u00a0\u00a0\u00a0\u00a0\u00a0\u00a0\u00a0\u00a0\u00a0\u00a0\u00a0\u00a0\u00a0\u00a0\u00a0\u00a0\u00a0\u00a0\u00a0\u00a0\u00a0\u00a0\u00a0\u00a0\u00a0\u00a0\u00a0\u00a0\u00a0\u00a0\u00a0\u00a0\u00a0\u00a0\u00a0\u00a0\u00a0\u00a0\u00a0\u00a0\u00a0\u00a0\u00a0\u00a0\u00a0\u00a0\u00a0\u00a0\u00a0\u00a0\u00a0\u00a0\u00a0\u00a0\u00a0\u00a0\u00a0\u00a0\u00a0\u00a0\u00a0\u00a0\u00a0\u00a0\u00a0\u00a0\u00a0\u00a0\u00a0\u00a0\u00a0\u00a0\u00a0\u00a0\u00a0\u00a0\u00a0\u00a0\u00a0\u00a0\u00a0\u00a0\u00a0\u00a0\u00a0\u00a0\u00a0\u00a0\u00a0\u00a0\u00a0\u00a0\u00a0\u00a0\u00a0\u00a0\u00a0\u00a0\u00a0\u00a0\u00a0\u00a0\u00a0\u00a0\u00a0\u00a0\u00a0\u00a0\u00a0\u00a0\u00a0\u00a0\u00a0\u00a0\u00a0\u00a0\u00a0\u00a0\u00a0\u00a0\u00a0\u00a0\u00a0\u00a0\u00a0\u00a0\u00a0\u00a0\u00a0\u00a0\u00a0\u00a0\u00a0\u00a0\u00a0\u00a08 filetu z makreli w oleju (170g) (850g),<br \/>4 opakowania cukru bia\u0142ego (1kg),<br \/>4 opakowania oleju rzepakowego (1lit). \u00a0\u00a0\u00a0\u00a0\u00a0\u00a0\u00a0\u00a0\u00a0\u00a0\u00a0\u00a0\u00a0\u00a0\u00a0\u00a0\u00a0\u00a0\u00a0\u00a0\u00a0\u00a0\u00a0\u00a0\u00a0\u00a0\u00a0\u00a0\u00a0\u00a0\u00a0\u00a0\u00a0\u00a0\u00a0\u00a0\u00a0\u00a0\u00a0\u00a0\u00a0\u00a0\u00a0\u00a0\u00a0\u00a0\u00a0\u00a0\u00a0\u00a0\u00a0\u00a0\u00a0\u00a0\u00a0\u00a0\u00a0\u00a0\u00a0\u00a0\u00a0\u00a0\u00a0\u00a0\u00a0\u00a0\u00a0\u00a0\u00a0\u00a0\u00a0\u00a0\u00a0\u00a0\u00a0\u00a0\u00a0\u00a0\u00a0\u00a0\u00a0\u00a0\u00a0\u00a0\u00a0\u00a0\u00a0\u00a0\u00a0\u00a0\u00a0\u00a0\u00a0\u00a0\u00a0\u00a0\u00a0\u00a0\u00a0\u00a0\u00a0\u00a0\u00a0\u00a0\u00a0\u00a0\u00a0\u00a0\u00a0\u00a0\u00a0\u00a0\u00a0\u00a0\u00a0\u00a0\u00a0\u00a0\u00a0\u00a0\u00a0\u00a0\u00a0\u00a0\u00a0\u00a0\u00a0\u00a0\u00a0\u00a0\u00a0\u00a0\u00a0\u00a0\u00a0\u00a0\u00a0\u00a0\u00a0\u00a0\u00a0\u00a0\u00a0\u00a0\u00a0\u00a0\u00a0\u00a0\u00a0\u00a0\u00a0\u00a0\u00a0\u00a0\u00a0\u00a0\u00a0\u00a0\u00a0\u00a0\u00a0\u00a0\u00a0\u00a0\u00a0\u00a0\u00a0\u00a0\u00a0\u00a0\u00a0\u00a0\u00a0\u00a0\u00a0\u00a0\u00a0\u00a0\u00a0\u00a0\u00a0\u00a0\u00a0\u00a0\u00a0\u00a0\u00a0\u00a0\u00a0\u00a09 opakowa\u0144 szynki drobiowej (300g),<\/div>\n<div>\u00a0<\/div>\n<div>\u00a0<\/div>\n<div>\u00a0<\/div>\n<div>1 opakowanie szynki wieprzowej (160g), \u00a0\u00a0\u00a0\u00a0\u00a0\u00a0\u00a0\u00a0\u00a0\u00a0\u00a0\u00a0\u00a0\u00a0\u00a0\u00a0\u00a0\u00a0\u00a0\u00a0\u00a0\u00a0\u00a0\u00a0\u00a0\u00a0\u00a0\u00a0\u00a0\u00a0\u00a0\u00a0\u00a0\u00a0\u00a0\u00a0\u00a0\u00a0\u00a0\u00a0\u00a0\u00a0\u00a0\u00a0\u00a0\u00a0\u00a0\u00a0\u00a0\u00a0\u00a0\u00a0\u00a0\u00a0\u00a0\u00a0\u00a0\u00a0\u00a0\u00a0\u00a0\u00a0\u00a0\u00a0\u00a0\u00a0\u00a0\u00a0\u00a0\u00a0\u00a0\u00a0\u00a0\u00a0\u00a0\u00a0\u00a0\u00a0\u00a0\u00a0\u00a0\u00a0\u00a0\u00a0\u00a0\u00a0\u00a0\u00a0\u00a0\u00a0\u00a0\u00a0\u00a0\u00a0\u00a0\u00a0\u00a0\u00a0\u00a0\u00a0\u00a0\u00a0\u00a0\u00a0\u00a0\u00a0\u00a0\u00a0\u00a0\u00a0\u00a0\u00a0\u00a0\u00a0\u00a0\u00a0\u00a0\u00a0\u00a0\u00a0\u00a0\u00a0\u00a0\u00a0\u00a0\u00a0\u00a0\u00a0\u00a0\u00a0\u00a0\u00a0\u00a0\u00a0\u00a0\u00a0\u00a0\u00a0\u00a0\u00a0\u00a0\u00a0\u00a0\u00a0\u00a0\u00a0\u00a0\u00a0\u00a0\u00a0\u00a0\u00a0\u00a0\u00a0\u00a0\u00a0\u00a0\u00a0\u00a0\u00a0\u00a0\u00a0\u00a0\u00a0\u00a0\u00a0\u00a0\u00a0\u00a0\u00a0\u00a0\u00a0\u00a0\u00a0\u00a0\u00a0\u00a0\u00a0\u00a0\u00a0\u00a0\u00a0\u00a0\u00a0\u00a0\u00a0\u00a0\u00a01 opakowanie pasztetu wieprzowego (300g).<\/div>\n<div>\u00a0<\/div>\n<div><strong>Grupy os\u00f3b najbardziej potrzebuj\u0105cych, do kt\u00f3rych by\u0142a skierowana pomoc \u017cywno\u015bciowa:<\/strong><\/div>\n<div>\u00a0<\/div>\n<div>\u2013 bezdomni,<\/div>\n<div>\u00a0<\/div>\n<div>\u2013 niepe\u0142nosprawni,<\/div>\n<div>\u00a0<\/div>\n<div>\u2013 migranci, osoby obcego pochodzenia, mniejszo\u015bci narodowe (w tym spo\u0142eczno\u015bci marginalizowane, takie jak Romowie),<\/div>\n<div>\u00a0<\/div>\n<div>\u2013 pozosta\u0142e grupy odbiorc\u00f3w spe\u0142niaj\u0105ce kryteria okre\u015blone poni\u017cej,<\/div>\n<div>\u00a0<\/div>\n<div><strong>Kryteria kwalifikowalno\u015bci os\u00f3b do statusu osoby najbardziej potrzebuj\u0105cej \u00a0<\/strong><\/div>\n<div>\u00a0<\/div>\n<div>Pomoc\u0105 \u017cywno\u015bciow\u0105 w ramach PO P\u017b by\u0142y obj\u0119te osoby i rodziny znajduj\u0105ce si\u0119 w trudnej sytuacji \u017cyciowej, spe\u0142niaj\u0105ce kryteria okre\u015blone w art. 7 ustawy o pomocy spo\u0142ecznej i kt\u00f3rych doch\u00f3d nie przekracza 150% kryterium dochodowego uprawniaj\u0105cego do skorzystania z pomocy spo\u0142ecznej, tj. 951 z\u0142 dla osoby samotnie gospodaruj\u0105cej i 771 z\u0142 dla osoby w rodzinie.<\/div>\n<div>\u00a0<\/div>\n<div><span class=\"cf3\">Od nowego 2017 roku wi\u0119cej os\u00f3b \u00a0mog\u0142o skorzysta\u0107 z pomocy \u017cywno\u015bciowej w ramach Programu Operacyjnego Pomoc \u017bywno\u015bciowa 2014-2020. Zmiany zosta\u0142y wprowadzone po konsultacjach z Zespo\u0142em Doradczym ds. Wdra\u017cania Programu.\u00a0<\/span><strong><span class=\"cf3\">Podwy\u017cszone kwoty w ramach Podprogramu 2016 wynios\u0142y 1 268 z\u0142 dla osoby samotnie gospodaruj\u0105cej<\/span><\/strong><span class=\"cf3\">\u00a0<\/span><strong><span class=\"cf3\">oraz 1 028 z\u0142 dla osoby w rodzinie<\/span><\/strong><\/div>\n<div>\u00a0<\/div>\n<div><span class=\"cf3\">Progi wzros\u0142y do 200 proc. kryterium, uprawniaj\u0105cego do korzystania z pomocy spo\u0142ecznej. Poprzednie kryterium w wysoko\u015bci 150 proc. obowi\u0105zywa\u0142o od pocz\u0105tku realizacji PO P\u017b 2014-2020, tj. od grudnia 2016 r.<\/span><\/div>\n<div>\u00a0<\/div>\n<div><span class=\"cf3\">Zmiany zosta\u0142y zawarte w \u201eWytycznych Instytucji Zrz\u0105dzaj\u0105cej (MRPiPS) dla Instytucji Po\u015brednicz\u0105cej i beneficjent\u00f3w, dotycz\u0105cych dzia\u0142a\u0144 realizowanych w ramach Programu Operacyjnego Pomoc \u017bywno\u015bciowa 2014-2020, wsp\u00f3\u0142finansowanego z Europejskiego Funduszu Pomocy | | Najbardziej Potrzebuj\u0105cym w Podprogramie 2016\u201d, wydanych przez Ministerstwo Rodziny, Pracy i Polityki Spo\u0142ecznej 28 grudnia 2016 r.<\/span><\/div>\n<div>\u00a0<\/div>\n<div><strong>Spos\u00f3b kwalifikowania os\u00f3b do uczestnictwa w PO P\u017b<\/strong><\/div>\n<div>\u00a0<\/div>\n<div>OPR i OPL uczestnicz\u0105ce w PO P\u017b wsp\u00f3\u0142pracowa\u0142y z OPS w gminach w zakresie doboru odbiorc\u00f3w lub weryfikacji kwalifikowalno\u015bci odbiorc\u00f3w ko\u0144cowych.<\/div>\n<div>\u00a0<\/div>\n<div>\u2013 \u00a0\u00a0\u00a0\u00a0\u00a0\u00a0\u00a0OPS-y wydawa\u0142y osobom skierowania do otrzymania pomocy \u017cywno\u015bciowej lub przekazywa\u0142y organizacjom listy os\u00f3b zakwalifikowanych do pomocy z PO P\u017b, pod warunkiem uzyskania ich zgody. Przy dokonywaniu kwalifikacji OPS-y bra\u0142y pod uwag\u0119 fakt korzystania z form pomocy finansowanej w ramach wieloletniego programu wspierania finansowego gmin w zakresie do\u017cywiania \u201ePomoc pa\u0144stwa w zakresie do\u017cywiania\u201d na lata 2014\u20132020, tak aby zapewni\u0107 uzupe\u0142niaj\u0105cy charakter pomocy z PO P\u017b. Ponadto rozpowszechnia\u0142y informacje o realizacji PO P\u017b i wskazywa\u0142y najbli\u017csze miejsca lub punkty wydawania artyku\u0142\u00f3w spo\u017cywczych.<\/div>\n<div>\u00a0<\/div>\n<div>\u2013 \u00a0\u00a0\u00a0\u00a0\u00a0OPR i OPL samodzielnie kwalifikowa\u0142y wy\u0142\u0105cznie osoby bezdomne do udzia\u0142u w PO P\u017b na podstawie podpisanego przez osob\u0119 o\u015bwiadczenia, stanowi\u0105cego \u00a0POPZ_Za\u0142\u0105cznik nr 6 do wytycznych<\/div>\n<div>\u00a0<\/div>\n<div>Ka\u017cda jednostka organizacyjna PKPS \/ organizacja wsp\u00f3\u0142pracuj\u0105ca zobowi\u0105zana by\u0142a do prowadzenia rzetelnej dokumentacji potwierdzaj\u0105cej kwalifikowalno\u015b\u0107 os\u00f3b otrzymuj\u0105cych gotowe artyku\u0142y spo\u017cywcze.<\/div>\n<div>\u00a0<\/div>\n<div>Osoby odbieraj\u0105ce \u017cywno\u015b\u0107, mog\u0105 bra\u0107 udzia\u0142 w dzia\u0142aniach w ramach \u015brodk\u00f3w towarzysz\u0105cych, kt\u00f3re maja na celu:\n<p>\u00a0<\/p>\n<p>a) \u00a0w\u0142\u0105czenie os\u00f3b do\u015bwiadczaj\u0105cych deprywacji materialnej w funkcjonowanie spo\u0142eczno\u015bci lokalnych, w szczeg\u00f3lno\u015bci:<\/p>\n<\/div>\n<div>\u00a0<\/div>\n<div>&#8211; zaj\u0119cia aktywizuj\u0105ce i wsp\u00f3lne inicjatywy na rzecz spo\u0142eczno\u015bci lokalnej, zmierzaj\u0105ce do wyj\u015bcia z ub\u00f3stwa,<\/div>\n<div>\u00a0<\/div>\n<div>&#8211; grupy wsparcia dla r\u00f3\u017cnych kategorii os\u00f3b w trudnej sytuacji (np. osoby starsze, matki z dzie\u0107mi, osoby samotne).<\/div>\n<div>\n<ol>\n<li>b) pomoc towarzysz\u0105c\u0105 niezb\u0119dn\u0105 do zaspokajania podstawowych potrzeb \u017cyciowych &#8211; os\u00f3b korzystaj\u0105cych z pomocy \u017cywno\u015bciowej (z wy\u0142\u0105czeniem pomocy rzeczowej) :<\/li>\n<\/ol>\n<\/div>\n<div>&#8211; pomoc w utrzymaniu higieny osobistej osobom bezdomnym,<\/div>\n<div>\u00a0<\/div>\n<div>-wsparcie psychologiczne\/terapeutyczne os\u00f3b zagro\u017conych wykluczeniem spo\u0142ecznym.<\/div>\n<div>\u00a0<\/div>\n<div>\u00a0<\/div>\n<\/div>\n<\/div>\n<\/div>\n<\/div>\n<\/div>\n\n\n<div id=\"imCell_4\">\n<div id=\"imCellStyleGraphics_4\">&nbsp;<\/div>\n<div id=\"imCellStyle_4\" data-responsive-sequence-number=\"3\">\n<div id=\"imHTMLObject_4\" class=\"imHTMLObject\">\n<p>&nbsp;<\/p>\n<table>\n<tbody>\n<tr>\n<td colspan=\"11\"><strong>ZESTAWIENIE LICZBY OS\u00d3B OBJETYCH POMOC\u0104 Podprogram 2016<\/strong><\/td>\n<\/tr>\n<tr>\n<td rowspan=\"2\"><strong>OG\u00d3\u0141EM ILO\u015a\u0106 OS\u00d3B<\/strong><\/td>\n<td colspan=\"2\"><strong>&nbsp; P\u0142e\u0107<\/strong><\/td>\n<td colspan=\"3\"><strong>Wiek<\/strong><\/td>\n<td colspan=\"5\"><strong>Grupy odbiorc\u00f3w<\/strong><\/td>\n<\/tr>\n<tr>\n<td><strong>Kobiety<\/strong><\/td>\n<td><strong>M\u0119\u017cczy\u017ani<\/strong><\/td>\n<td><strong>15 lat lub poni\u017cej<\/strong><\/td>\n<td><strong>&nbsp;65 lat lub powy\u017cej<\/strong><\/td>\n<td><strong>Pozosta\u0142e osoby<\/strong><\/td>\n<td><strong>Bezdomni<\/strong><\/td>\n<td><strong>Niepe\u0142nosprawni<\/strong><\/td>\n<td><strong>&nbsp;<\/strong><\/td>\n<td><strong>Migranci (Spo\u0142eczno\u015bci<br>marginalizowane)<\/strong><\/td>\n<td><strong>Osoby z pozosta\u0142ych grup<\/strong><\/td>\n<\/tr>\n<tr>\n<td><strong>7558<\/strong><\/td>\n<td><strong>3535<\/strong><\/td>\n<td><strong>4023<\/strong><\/td>\n<td><strong>2582<\/strong><\/td>\n<td><strong>470<\/strong><\/td>\n<td><strong>4506<\/strong><\/td>\n<td><strong>396<\/strong><\/td>\n<td><strong>1358<\/strong><\/td>\n<td><strong>&nbsp;<\/strong><\/td>\n<td><strong>15<\/strong><\/td>\n<td><strong>6018<\/strong><\/td>\n<\/tr>\n<tr>\n<td>&nbsp;<\/td>\n<td>&nbsp;<\/td>\n<td>&nbsp;<\/td>\n<td>&nbsp;<\/td>\n<td>&nbsp;<\/td>\n<td>&nbsp;<\/td>\n<td>&nbsp;<\/td>\n<td>&nbsp;<\/td>\n<td>&nbsp;<\/td>\n<td>&nbsp;<\/td>\n<td>&nbsp;<\/td>\n<\/tr>\n<tr>\n<td>&nbsp;<\/td>\n<td colspan=\"5\"><strong>Liczba os\u00f3b obj\u0119ta pomoc\u0105 \u017cywno\u015bciow\u0105 w podziale na wysoko\u015b\u0107 dochodu<\/strong><\/td>\n<td>&nbsp;<\/td>\n<td>&nbsp;<\/td>\n<td>&nbsp;<\/td>\n<td>&nbsp;<\/td>\n<td>&nbsp;<\/td>\n<\/tr>\n<tr>\n<td>&nbsp;<\/td>\n<td colspan=\"2\" rowspan=\"2\"><strong>do 150% kryterium<\/strong><\/td>\n<td colspan=\"2\" rowspan=\"2\"><strong>150% &#8211; 200% kryterium<\/strong><\/td>\n<td rowspan=\"2\"><strong>Og\u00f3\u0142em<\/strong><\/td>\n<td>&nbsp;<\/td>\n<td>&nbsp;<\/td>\n<td>&nbsp;<\/td>\n<td>&nbsp;<\/td>\n<td>&nbsp;<\/td>\n<\/tr>\n<tr>\n<td>&nbsp;<\/td>\n<td>&nbsp;<\/td>\n<td>&nbsp;<\/td>\n<td>&nbsp;<\/td>\n<td>&nbsp;<\/td>\n<td>&nbsp;<\/td>\n<\/tr>\n<tr>\n<td>&nbsp;<\/td>\n<td colspan=\"2\"><strong>5694<\/strong><\/td>\n<td colspan=\"2\"><strong>1864<\/strong><\/td>\n<td><strong>7558<\/strong><\/td>\n<td>&nbsp;<\/td>\n<td>&nbsp;\n<p>&nbsp;<\/p>\n<p>&nbsp;<\/p>\n<p>&nbsp;<\/p>\n<\/td>\n<td>&nbsp;<\/td>\n<td>&nbsp;<\/td>\n<td>&nbsp;<\/td>\n<\/tr>\n<\/tbody>\n<\/table>\n<p>&nbsp;<\/p>\n<p>&nbsp;<\/p>\n<p>&nbsp;<\/p>\n<p>W ramach Podprogramu 2016 realizowali\u015bmy r\u00f3wnie\u017c dzia\u0142ania towarzysz\u0105ce skierowane do os\u00f3b korzystaj\u0105cych z pomocy \u017cywno\u015bciowej. W ramach tych dzia\u0142a\u0144 przeprowadzili\u015bmy \u0142\u0105cznie&nbsp;<strong>56 warsztat\u00f3w<\/strong>&nbsp;w kt\u00f3rych wzi\u0119\u0142o udzia\u0142&nbsp;<strong>1402 osoby<\/strong>.<\/p>\n<p>Rodzaje warsztat\u00f3w:<\/p>\n<ul>\n<li>Warsztaty Edukacji Ekonomicznej \u2013 15 spotka\u0144, 112 uczestnik\u00f3w<\/li>\n<li>Warsztaty Kulinarne \u2013 6 spotka\u0144, 154 uczestnik\u00f3w<\/li>\n<li>Programy Edukacyjne &#8211;&nbsp; maj\u0105ce na celu zapoznanie z zasadami zdrowego od\u017cywiania i przeciwdzia\u0142ania marnowaniu \u017cywno\u015bci &nbsp;\u2013 1 spotkania, 7 uczestnik\u00f3w<\/li>\n<li>Warsztaty Dietetyczne dotycz\u0105ce zdrowego od\u017cywiania &nbsp;-15 spotka\u0144, 1129 uczestnik\u00f3w<\/li>\n<\/ul>\n<p>W ca\u0142ym Podprogramie 2016 wydano 389,1140 ton \u017cywno\u015bci.<\/p>\n<p>&nbsp;<\/p>\n<p>&nbsp;<\/p>\n<p>&nbsp;<\/p>\n<\/div>\n<\/div>\n<\/div>\n","protected":false},"excerpt":{"rendered":"<p>\u00a0 PO P\u017b Podprogram 2016 by\u0142 realizowany w okresie sierpie\u0144 2016 r. \u2013 \u00a0czerwca 2017 r. przez Zachodniopomorski Zarz\u0105d Okr\u0119gowy \u00a0Polskiego Komitetu Pomocy Spo\u0142ecznej. \u00a0Celem og\u00f3lnym by\u0142o zapewnienie najubo\u017cszym mieszka\u0144com Polski pomocy \u017cywno\u015bciowej oraz uczestnictwa w dzia\u0142aniach w ramach \u015brodk\u00f3w towarzysz\u0105cych. \u00a0 \u00a0 W realizacji programu uczestniczy\u0142y Zarz\u0105dy Terenowe PKPS:Zarz\u0105d Powiatowy PKPSul. Lipowa 872-100 Goleni\u00f3w [&hellip;]<\/p>\n","protected":false},"author":1,"featured_media":0,"parent":0,"menu_order":0,"comment_status":"closed","ping_status":"closed","template":"","meta":{"footnotes":"","_links_to":"","_links_to_target":""},"class_list":["post-18","page","type-page","status-publish"],"_links":{"self":[{"href":"https:\/\/szczecin.pkps.org.pl\/index.php?rest_route=\/wp\/v2\/pages\/18","targetHints":{"allow":["GET"]}}],"collection":[{"href":"https:\/\/szczecin.pkps.org.pl\/index.php?rest_route=\/wp\/v2\/pages"}],"about":[{"href":"https:\/\/szczecin.pkps.org.pl\/index.php?rest_route=\/wp\/v2\/types\/page"}],"author":[{"embeddable":true,"href":"https:\/\/szczecin.pkps.org.pl\/index.php?rest_route=\/wp\/v2\/users\/1"}],"replies":[{"embeddable":true,"href":"https:\/\/szczecin.pkps.org.pl\/index.php?rest_route=%2Fwp%2Fv2%2Fcomments&post=18"}],"version-history":[{"count":3,"href":"https:\/\/szczecin.pkps.org.pl\/index.php?rest_route=\/wp\/v2\/pages\/18\/revisions"}],"predecessor-version":[{"id":25,"href":"https:\/\/szczecin.pkps.org.pl\/index.php?rest_route=\/wp\/v2\/pages\/18\/revisions\/25"}],"wp:attachment":[{"href":"https:\/\/szczecin.pkps.org.pl\/index.php?rest_route=%2Fwp%2Fv2%2Fmedia&parent=18"}],"curies":[{"name":"wp","href":"https:\/\/api.w.org\/{rel}","templated":true}]}}